*u + 3620 - 13099. What is the hundreds digit of l?
3
Let a = -309 + 810. Suppose -3*f = -5*m + a, 3*m - 323 = -2*f - 30. What is the tens digit of m?
9
Let j = 10 + -11. Let v be -2 + (-1)/j + 1. Suppose v = -4*s - h + 23, 1 = -s - 2*h - 2. What is the units digit of s?
7
Let r be (-1)/(3/18*2). Let p(t) = -19*t - 2. What is the tens digit of p(r)?
5
Let j(g) = -28*g**2 - 5 - g**3 + 8*g + 53*g**2 - 29*g**2. Let q = -7 - -1. What is the units digit of j(q)?
9
Suppose -6 = -3*m, 3*g + 4*m + 71 = 2*m. Let q = 47 + g. Suppose 0*w - q = -w. What is the tens digit of w?
2
Let q = -89 - -76. What is the hundreds digit of (-2)/q - (3 - (-2065)/(-13))?
1
Suppose 3*h + 4*z - 4 = -24, 4*z = 16. Let d = -154 + 221. Let o = h + d. What is the units digit of o?
5
Let n(f) = 117*f**3 + 3*f**2 + f - 3. What is the tens digit of n(2)?
4
Let j = -1 + -6. Let t(y) = 8*y - 6. Let p(b) = -4*b + 4. Let z(w) = -5*p(w) - 3*t(w). What is the units digit of z(j)?
6
Let r(w) = -20*w**2 + 1. Let i(n) = -41*n**2 + 2. Let a(m) = -4*i(m) + 9*r(m). Let d(s) be the first derivative of a(s). What is the tens digit of d(-1)?
3
Suppose 4*k + 5*t + 907 = 0, -3*k - 3*t - 1150 = 2*k. What is the tens digit of 4 + 18/(-5) + k/(-5)?
4
Let y = -6225 + 10098. What is the units digit of y?
3
Suppose y - 2*y = -34. Suppose -5*z - 135 = 5*t, 17 + 16 = -2*t + 5*z. Let k = y + t. What is the units digit of k?
0
Suppose 1360 = 24*z - 2312. What is the units digit of z?
3
Suppose 2127 = 2*u + 5*s, 18*s - 2124 = -2*u + 16*s. What is the thousands digit of u?
1
Let m be (-6)/(-4) - (-1224)/16. Suppose -o - o + m = 0. What is the tens digit of o?
3
Let n(k) = 36*k**2 - 30*k + 53. What is the hundreds digit of n(9)?
6
Suppose q = 3*h - 2531 - 1841, -h + 1461 = -4*q. What is the hundreds digit of h?
4
Suppose -3*k + 3*u = -18, 5*k + 5*u = 10 - 0. Let r be -33*4/16*k. Let z = -15 - r. What is the tens digit of z?
1
Let z = -109 + 64. Let n = z + 75. What is the tens digit of n?
3
Suppose 5*x + 4*t + 3 = -2, -3 = 3*x + 3*t. Let q be (-4 + 5 + x)/1. Suppose q*a + 72 = 3*a. What is the tens digit of a?
2
Let d(q) = 4*q**2 - 11*q. Let i be d(-8). Let f = i + -141. What is the units digit of f?
3
Suppose -10*l = -16*l - 36. What is the tens digit of 2/6 + (-688)/l?
1
Suppose -2*p = 4*u + 56, 0 = 6*p - 2*p + 3*u + 107. Let f = p + 131. Suppose 2*i = -i + f. What is the units digit of i?
5
Let k be ((-1)/1)/(4 - 711/177). Let z = k + 4. What is the tens digit of z?
6
Suppose 1000 = 6*d + 2*d. What is the tens digit of d?
2
What is the units digit of (2 - (-347)/(-1))*(-70)/42?
5
Suppose 2*i = 4*n + 4, 4*i - 6 = 3*n + 2. What is the tens digit of (1*132)/(3/i)?
8
Let p be 1496/32 + 2/8. Let j = p - 9. Let o = -23 + j. What is the tens digit of o?
1
Let b(h) be the third derivative of 5*h**4/24 + 2*h**3/3 - 2*h**2. Let t be b(-5). Let c = -2 - t. What is the units digit of c?
9
Suppose 1295*g = 1297*g - 2082. What is the tens digit of g?
4
Suppose -3*r + 4*t = -r - 8, -3*r - 2*t = -4. What is the tens digit of 2/3*63/r?
2
Let t be (-1 - -4) + 27 - 0. Suppose 0*v = 5*v + 5*c - t, -c = -5*v + 6. Suppose 4*y + j - 15 = 6, v*y + j = 13. What is the units digit of y?
4
Suppose 2*u = 7*g - 2*g + 835, -g - 1259 = -3*u. What is the tens digit of u?
2
Suppose -281 = -4*k + u, 5*k + 4*u - 6*u - 352 = 0. Let w(j) = -13*j**2 - 7*j + 25. Let i be w(2). Let y = k + i. What is the units digit of y?
9
Let o be (9386/39)/(2/(-3)). Let q = -66 - o. What is the hundreds digit of q?
2
Let d = 3117 + -719. What is the units digit of d?
8
Let r be 8/6 - 4695/(-9). Let t = r + -274. What is the hundreds digit of t?
2
Let s = 9 + -6. Let v be (9/s + -3)/1. Suppose -3*p + v*p = -15. What is the units digit of p?
5
Suppose -9*v + 15713 = 10*v. What is the hundreds digit of v?
8
Suppose -5*y + 14 + 6 = 0. Suppose y*j - 3*o - 5 = 0, 4*o - 2*o - 10 = 0. Let u(f) = 2*f + 7. What is the units digit of u(j)?
7
Let v(r) = 999*r + 381. What is the tens digit of v(4)?
7
Suppose -z = -180 + 48. Suppose 0 = -5*i + z + 103. What is the units digit of i?
7
What is the thousands digit of (79 - 86) + (1097 - -1)?
1
What is the units digit of ((-740)/(-259))/(3/1659)?
0
Suppose -9*u + 10962 = 3177. Suppose u = 6*d - 905. What is the hundreds digit of d?
2
Let j(w) = -1575*w - 33. What is the units digit of j(-1)?
2
Suppose -4*o + 4 = 4*t, -o - 15 = -4*o + 3*t. Suppose 0*z - 3*z + o*i = -3, -4*i + 4 = -2*z. What is the units digit of z?
4
Suppose -12*a + 298 + 14 = 0. What is the units digit of a?
6
Suppose -6 = 4*m - 2, 0 = 2*s + 5*m - 2439. What is the units digit of s?
2
Let q be 1/2 - 22/(-4). Let h = q + -6. What is the units digit of 4/8*52 - h?
6
Let i be (1 + (-10)/4)*6. Let r be (-105)/i - (-5)/15. What is the tens digit of (r - (2 - 2))*2?
2
Let j = 162 + 60. Suppose 6*g = -0*g + j. What is the units digit of g?
7
Let k = 524 + 545. What is the tens digit of k?
6
Let x = 3046 + -2103. What is the hundreds digit of x?
9
Suppose -6*a + 492 + 1950 = 0. What is the units digit of a?
7
Let r(i) be the second derivative of -1/20*i**5 - 5/12*i**4 + 0 - 1/6*i**3 + 0*i**2 + 5*i. What is the units digit of r(-5)?
5
Suppose -5*t - 4*f + 7*f = -5523, 1105 = t - f. What is the thousands digit of t?
1
Let o(y) = 3015*y**3 + 2*y**2 + 8*y - 9. What is the hundreds digit of o(1)?
0
Let m = 5 - 11. Let a(u) = -3*u**3 + 8*u**2 + 8*u + 5. Let g(p) = -2*p**3 + 8*p**2 + 8*p + 4. Let f(n) = -3*a(n) + 4*g(n). What is the units digit of f(m)?
5
Let t = -59 - -28. What is the tens digit of t*1/(-2)*2?
3
Let v(p) = -6*p**2 - 3*p - 2. Let f be v(-1). Let n = 68 - f. Let z = n - 43. What is the tens digit of z?
3
Let t be 0 + 5 + (-8 - -7). Suppose t*d - 44 = -4*h, 2*h - 68 = -2*h + 2*d. Suppose -6*l + h = -15. What is the units digit of l?
5
Suppose a = -v + 92 + 287, 2*a - 738 = 2*v. What is the hundreds digit of a?
3
Let c(u) be the first derivative of -u**3/3 - 31*u**2/2 - 35*u + 40. What is the hundreds digit of c(-17)?
2
Suppose 10773 = 2*n + 25*n. What is the units digit of n?
9
Let a(q) be the third derivative of -q**6/120 + 11*q**5/60 - 3*q**4/8 + 5*q**3/2 - 15*q**2. What is the units digit of a(6)?
1
Let b(q) = 3*q - 14. Let r be b(6). Suppose -2*h + 0*h + 414 = 3*p, -563 = -r*p + h. Let a = p - 98. What is the units digit of a?
2
Let f = 96 - 89. Suppose -4*t - 4*x + 29 = -t, 2*x = 4*t - 46. Let h = f + t. What is the tens digit of h?
1
Let x(u) = -2*u**3 + u**2 - 3*u - 1. What is the thousands digit of x(-9)?
1
Let i = 232 + 894. What is the thousands digit of i?
1
Suppose -10*h + 2158 = 448. What is the tens digit of h?
7
Let q = 22 + -26. Let f be (-2)/8 - 29/q. What is the units digit of 42 + f - (-4 - -1)?
2
Let b(d) = -d**2 + 4. Let h = 8 + -4. Let y be b(h). Let c = 40 + y. What is the units digit of c?
8
Suppose 8*j = 2*j. Let w be (0 - 0) + j/(-4). Suppose 4*l + w*l - 132 = 0. What is the tens digit of l?
3
Let c be 8 + (-5)/(-7 - -2). What is the tens digit of 565/15 - 6/c?
3
Let z(d) = 7*d**2 - 13*d + 19. Let j be z(8). Let y = -196 + j. What is the tens digit of y?
6
Suppose 2*f = -2*x + 452, -f - x - 440 = -3*f. Suppose f = 4*w + 2*o, -17 = w + 5*o - 95. Let d = -35 + w. What is the tens digit of d?
1
Let z be 2/(-7) - 1413/(-21). Let k = z + -37. Let w = k + -18. What is the units digit of w?
2
Suppose 5*o + 1748 = 9*o. What is the units digit of o?
7
Let r = 20 + -7. Suppose r*l + 78 = 15*l. What is the tens digit of l?
3
Let i be 3*13/(-6)*10. Let a = i + 42. What is the units digit of 2/(-7) + a/(-7)?
3
Let u(w) be the first derivative of -w**3/3 - 25*w**2/2 + w + 8. What is the tens digit of u(-21)?
8
Let t(c) = -2*c - 5. Let r be 1/((-7 + 3)/4). Let o be -8*-4*r/2. What is the units digit of t(o)?
7
Suppose 0 = 5*l - 4 - 91. Suppose -l + 74 = 5*o - 2*s, 4*o = s + 41. What is the units digit of o?
9
What is the hundreds digit of 4*418*(-6)/(-24)?
4
Suppose -168 = -12*a + 14652. What is the thousands digit of a?
1
Suppose -3 = a + 2*a. Let m be (-3)/((-135)/(-1115)) + (-2)/9. Let u = a - m. What is the units digit of u?
4
Let w(y) be the first derivative of -7*y**2/2 - 19*y - 8. Let t(h) = -48*h - 132. Let r(j) = -2*t(j) + 15*w(j). What is the tens digit of r(-9)?
6
What is the tens digit of (13050 - 22)*2/8 + -1?
5
Suppose 0*i + i + 